{"id":54,"date":"2025-01-31T12:25:17","date_gmt":"2025-01-31T12:25:17","guid":{"rendered":"https:\/\/imlauer.com\/braurestaurant-imlauer\/speisekarten\/"},"modified":"2026-04-18T04:50:38","modified_gmt":"2026-04-18T04:50:38","slug":"speisekarten","status":"publish","type":"page","link":"https:\/\/imlauer.com\/braurestaurant-imlauer\/speisekarten\/","title":{"rendered":"Speisekarten"},"content":{"rendered":"<p><div class=\"fusion-fullwidth fullwidth-box fusion-builder-row-1 has-pattern-background has-mask-background nonhundred-percent-fullwidth hundred-percent-height hundred-percent-height-center-content non-hundred-percent-height-scrolling\" style=\"--awb-border-radius-top-left:0px;--awb-border-radius-top-right:0px;--awb-border-radius-bottom-right:0px;--awb-border-radius-bottom-left:0px;--awb-flex-wrap:wrap;\" ><div class=\"awb-background-slider\" data-type=\"container\" data-loop=\"yes\" data-animation=\"fade\" data-slideshow-speed=\"6000\" data-animation-speed=\"1200\" data-direction=\"up\" style=\"--awb-image-position:50% 50%;\"><div class=\"swiper-wrapper\"><div class=\"swiper-slide\"><img decoding=\"async\" width=\"1600\" height=\"1067\" src=\"https:\/\/imlauer.com\/braurestaurant-imlauer\/wp-content\/uploads\/2025\/02\/Hopfenstube-Gesamt-1-slider-2.jpg\" class=\"awb-background-slider__image lazyload\" alt=\"\" srcset=\"data:image\/svg+xml,%3Csvg%20xmlns%3D%27http%3A%2F%2Fwww.w3.org%2F2000%2Fsvg%27%20width%3D%271600%27%20height%3D%271067%27%20viewBox%3D%270%200%201600%201067%27%3E%3Crect%20width%3D%271600%27%20height%3D%271067%27%20fill-opacity%3D%220%22%2F%3E%3C%2Fsvg%3E\" data-orig-src=\"https:\/\/imlauer.com\/braurestaurant-imlauer\/wp-content\/uploads\/2025\/02\/Hopfenstube-Gesamt-1-slider-2.jpg\" data-srcset=\"https:\/\/imlauer.com\/braurestaurant-imlauer\/wp-content\/uploads\/2025\/02\/Hopfenstube-Gesamt-1-slider-2-200x133.jpg 200w, https:\/\/imlauer.com\/braurestaurant-imlauer\/wp-content\/uploads\/2025\/02\/Hopfenstube-Gesamt-1-slider-2-300x200.jpg 300w, https:\/\/imlauer.com\/braurestaurant-imlauer\/wp-content\/uploads\/2025\/02\/Hopfenstube-Gesamt-1-slider-2-400x267.jpg 400w, https:\/\/imlauer.com\/braurestaurant-imlauer\/wp-content\/uploads\/2025\/02\/Hopfenstube-Gesamt-1-slider-2-600x400.jpg 600w, https:\/\/imlauer.com\/braurestaurant-imlauer\/wp-content\/uploads\/2025\/02\/Hopfenstube-Gesamt-1-slider-2-768x512.jpg 768w, https:\/\/imlauer.com\/braurestaurant-imlauer\/wp-content\/uploads\/2025\/02\/Hopfenstube-Gesamt-1-slider-2-800x534.jpg 800w, https:\/\/imlauer.com\/braurestaurant-imlauer\/wp-content\/uploads\/2025\/02\/Hopfenstube-Gesamt-1-slider-2-1024x683.jpg 1024w, https:\/\/imlauer.com\/braurestaurant-imlauer\/wp-content\/uploads\/2025\/02\/Hopfenstube-Gesamt-1-slider-2-1200x800.jpg 1200w, https:\/\/imlauer.com\/braurestaurant-imlauer\/wp-content\/uploads\/2025\/02\/Hopfenstube-Gesamt-1-slider-2-1536x1024.jpg 1536w, https:\/\/imlauer.com\/braurestaurant-imlauer\/wp-content\/uploads\/2025\/02\/Hopfenstube-Gesamt-1-slider-2.jpg 1600w\" data-sizes=\"auto\" \/><\/div><div class=\"swiper-slide\"><img decoding=\"async\" width=\"1600\" height=\"1067\" src=\"https:\/\/imlauer.com\/braurestaurant-imlauer\/wp-content\/uploads\/2025\/02\/Braurestaurant-Gastraum-slider-1.jpg\" class=\"awb-background-slider__image lazyload\" alt=\"\" srcset=\"data:image\/svg+xml,%3Csvg%20xmlns%3D%27http%3A%2F%2Fwww.w3.org%2F2000%2Fsvg%27%20width%3D%271600%27%20height%3D%271067%27%20viewBox%3D%270%200%201600%201067%27%3E%3Crect%20width%3D%271600%27%20height%3D%271067%27%20fill-opacity%3D%220%22%2F%3E%3C%2Fsvg%3E\" data-orig-src=\"https:\/\/imlauer.com\/braurestaurant-imlauer\/wp-content\/uploads\/2025\/02\/Braurestaurant-Gastraum-slider-1.jpg\" data-srcset=\"https:\/\/imlauer.com\/braurestaurant-imlauer\/wp-content\/uploads\/2025\/02\/Braurestaurant-Gastraum-slider-1-200x133.jpg 200w, https:\/\/imlauer.com\/braurestaurant-imlauer\/wp-content\/uploads\/2025\/02\/Braurestaurant-Gastraum-slider-1-300x200.jpg 300w, https:\/\/imlauer.com\/braurestaurant-imlauer\/wp-content\/uploads\/2025\/02\/Braurestaurant-Gastraum-slider-1-400x267.jpg 400w, https:\/\/imlauer.com\/braurestaurant-imlauer\/wp-content\/uploads\/2025\/02\/Braurestaurant-Gastraum-slider-1-600x400.jpg 600w, https:\/\/imlauer.com\/braurestaurant-imlauer\/wp-content\/uploads\/2025\/02\/Braurestaurant-Gastraum-slider-1-768x512.jpg 768w, https:\/\/imlauer.com\/braurestaurant-imlauer\/wp-content\/uploads\/2025\/02\/Braurestaurant-Gastraum-slider-1-800x534.jpg 800w, https:\/\/imlauer.com\/braurestaurant-imlauer\/wp-content\/uploads\/2025\/02\/Braurestaurant-Gastraum-slider-1-1024x683.jpg 1024w, https:\/\/imlauer.com\/braurestaurant-imlauer\/wp-content\/uploads\/2025\/02\/Braurestaurant-Gastraum-slider-1-1200x800.jpg 1200w, https:\/\/imlauer.com\/braurestaurant-imlauer\/wp-content\/uploads\/2025\/02\/Braurestaurant-Gastraum-slider-1-1536x1024.jpg 1536w, https:\/\/imlauer.com\/braurestaurant-imlauer\/wp-content\/uploads\/2025\/02\/Braurestaurant-Gastraum-slider-1.jpg 1600w\" data-sizes=\"auto\" \/><\/div><div class=\"swiper-slide\"><img decoding=\"async\" width=\"1000\" height=\"667\" src=\"https:\/\/imlauer.com\/braurestaurant-imlauer\/wp-content\/uploads\/2025\/02\/Buergerstube-Blick-Richtung-Fenster-2-2.jpg\" class=\"awb-background-slider__image lazyload\" alt=\"\" srcset=\"data:image\/svg+xml,%3Csvg%20xmlns%3D%27http%3A%2F%2Fwww.w3.org%2F2000%2Fsvg%27%20width%3D%271000%27%20height%3D%27667%27%20viewBox%3D%270%200%201000%20667%27%3E%3Crect%20width%3D%271000%27%20height%3D%27667%27%20fill-opacity%3D%220%22%2F%3E%3C%2Fsvg%3E\" data-orig-src=\"https:\/\/imlauer.com\/braurestaurant-imlauer\/wp-content\/uploads\/2025\/02\/Buergerstube-Blick-Richtung-Fenster-2-2.jpg\" data-srcset=\"https:\/\/imlauer.com\/braurestaurant-imlauer\/wp-content\/uploads\/2025\/02\/Buergerstube-Blick-Richtung-Fenster-2-2-200x133.jpg 200w, https:\/\/imlauer.com\/braurestaurant-imlauer\/wp-content\/uploads\/2025\/02\/Buergerstube-Blick-Richtung-Fenster-2-2-300x200.jpg 300w, https:\/\/imlauer.com\/braurestaurant-imlauer\/wp-content\/uploads\/2025\/02\/Buergerstube-Blick-Richtung-Fenster-2-2-400x267.jpg 400w, https:\/\/imlauer.com\/braurestaurant-imlauer\/wp-content\/uploads\/2025\/02\/Buergerstube-Blick-Richtung-Fenster-2-2-600x400.jpg 600w, https:\/\/imlauer.com\/braurestaurant-imlauer\/wp-content\/uploads\/2025\/02\/Buergerstube-Blick-Richtung-Fenster-2-2-768x512.jpg 768w, https:\/\/imlauer.com\/braurestaurant-imlauer\/wp-content\/uploads\/2025\/02\/Buergerstube-Blick-Richtung-Fenster-2-2-800x534.jpg 800w, https:\/\/imlauer.com\/braurestaurant-imlauer\/wp-content\/uploads\/2025\/02\/Buergerstube-Blick-Richtung-Fenster-2-2.jpg 1000w\" data-sizes=\"auto\" \/><\/div><div class=\"swiper-slide\"><img decoding=\"async\" width=\"1600\" height=\"1023\" src=\"https:\/\/imlauer.com\/braurestaurant-imlauer\/wp-content\/uploads\/2025\/02\/Rumpsteak-vom-Angusrind-4-slider.jpg\" class=\"awb-background-slider__image lazyload\" alt=\"\" srcset=\"data:image\/svg+xml,%3Csvg%20xmlns%3D%27http%3A%2F%2Fwww.w3.org%2F2000%2Fsvg%27%20width%3D%271600%27%20height%3D%271023%27%20viewBox%3D%270%200%201600%201023%27%3E%3Crect%20width%3D%271600%27%20height%3D%271023%27%20fill-opacity%3D%220%22%2F%3E%3C%2Fsvg%3E\" data-orig-src=\"https:\/\/imlauer.com\/braurestaurant-imlauer\/wp-content\/uploads\/2025\/02\/Rumpsteak-vom-Angusrind-4-slider.jpg\" data-srcset=\"https:\/\/imlauer.com\/braurestaurant-imlauer\/wp-content\/uploads\/2025\/02\/Rumpsteak-vom-Angusrind-4-slider-200x128.jpg 200w, https:\/\/imlauer.com\/braurestaurant-imlauer\/wp-content\/uploads\/2025\/02\/Rumpsteak-vom-Angusrind-4-slider-300x192.jpg 300w, https:\/\/imlauer.com\/braurestaurant-imlauer\/wp-content\/uploads\/2025\/02\/Rumpsteak-vom-Angusrind-4-slider-400x256.jpg 400w, https:\/\/imlauer.com\/braurestaurant-imlauer\/wp-content\/uploads\/2025\/02\/Rumpsteak-vom-Angusrind-4-slider-460x295.jpg 460w, https:\/\/imlauer.com\/braurestaurant-imlauer\/wp-content\/uploads\/2025\/02\/Rumpsteak-vom-Angusrind-4-slider-600x384.jpg 600w, https:\/\/imlauer.com\/braurestaurant-imlauer\/wp-content\/uploads\/2025\/02\/Rumpsteak-vom-Angusrind-4-slider-768x491.jpg 768w, https:\/\/imlauer.com\/braurestaurant-imlauer\/wp-content\/uploads\/2025\/02\/Rumpsteak-vom-Angusrind-4-slider-800x512.jpg 800w, https:\/\/imlauer.com\/braurestaurant-imlauer\/wp-content\/uploads\/2025\/02\/Rumpsteak-vom-Angusrind-4-slider-1024x655.jpg 1024w, https:\/\/imlauer.com\/braurestaurant-imlauer\/wp-content\/uploads\/2025\/02\/Rumpsteak-vom-Angusrind-4-slider-1200x767.jpg 1200w, https:\/\/imlauer.com\/braurestaurant-imlauer\/wp-content\/uploads\/2025\/02\/Rumpsteak-vom-Angusrind-4-slider-1536x982.jpg 1536w, https:\/\/imlauer.com\/braurestaurant-imlauer\/wp-content\/uploads\/2025\/02\/Rumpsteak-vom-Angusrind-4-slider.jpg 1600w\" data-sizes=\"auto\" \/><\/div><div class=\"swiper-slide\"><img decoding=\"async\" width=\"1600\" height=\"1067\" src=\"https:\/\/imlauer.com\/braurestaurant-imlauer\/wp-content\/uploads\/2025\/02\/Kaiserschmarrn-1-slider.jpg\" class=\"awb-background-slider__image lazyload\" alt=\"\" srcset=\"data:image\/svg+xml,%3Csvg%20xmlns%3D%27http%3A%2F%2Fwww.w3.org%2F2000%2Fsvg%27%20width%3D%271600%27%20height%3D%271067%27%20viewBox%3D%270%200%201600%201067%27%3E%3Crect%20width%3D%271600%27%20height%3D%271067%27%20fill-opacity%3D%220%22%2F%3E%3C%2Fsvg%3E\" data-orig-src=\"https:\/\/imlauer.com\/braurestaurant-imlauer\/wp-content\/uploads\/2025\/02\/Kaiserschmarrn-1-slider.jpg\" data-srcset=\"https:\/\/imlauer.com\/braurestaurant-imlauer\/wp-content\/uploads\/2025\/02\/Kaiserschmarrn-1-slider-200x133.jpg 200w, https:\/\/imlauer.com\/braurestaurant-imlauer\/wp-content\/uploads\/2025\/02\/Kaiserschmarrn-1-slider-300x200.jpg 300w, https:\/\/imlauer.com\/braurestaurant-imlauer\/wp-content\/uploads\/2025\/02\/Kaiserschmarrn-1-slider-400x267.jpg 400w, https:\/\/imlauer.com\/braurestaurant-imlauer\/wp-content\/uploads\/2025\/02\/Kaiserschmarrn-1-slider-600x400.jpg 600w, https:\/\/imlauer.com\/braurestaurant-imlauer\/wp-content\/uploads\/2025\/02\/Kaiserschmarrn-1-slider-768x512.jpg 768w, https:\/\/imlauer.com\/braurestaurant-imlauer\/wp-content\/uploads\/2025\/02\/Kaiserschmarrn-1-slider-800x534.jpg 800w, https:\/\/imlauer.com\/braurestaurant-imlauer\/wp-content\/uploads\/2025\/02\/Kaiserschmarrn-1-slider-1024x683.jpg 1024w, https:\/\/imlauer.com\/braurestaurant-imlauer\/wp-content\/uploads\/2025\/02\/Kaiserschmarrn-1-slider-1200x800.jpg 1200w, https:\/\/imlauer.com\/braurestaurant-imlauer\/wp-content\/uploads\/2025\/02\/Kaiserschmarrn-1-slider-1536x1024.jpg 1536w, https:\/\/imlauer.com\/braurestaurant-imlauer\/wp-content\/uploads\/2025\/02\/Kaiserschmarrn-1-slider.jpg 1600w\" data-sizes=\"auto\" \/><\/div><\/div><\/div><div class=\"fusion-fullwidth-center-content\"><div class=\"fusion-builder-row fusion-row\"><\/div><\/div><\/div><div class=\"fusion-fullwidth fullwidth-box fusion-builder-row-2 nonhundred-percent-fullwidth non-hundred-percent-height-scrolling fusion-equal-height-columns\" style=\"--awb-background-position:left top;--awb-border-sizes-top:0px;--awb-border-sizes-bottom:0px;--awb-border-sizes-left:0px;--awb-border-sizes-right:0px;--awb-border-radius-top-left:0px;--awb-border-radius-top-right:0px;--awb-border-radius-bottom-right:0px;--awb-border-radius-bottom-left:0px;--awb-padding-top:0px;--awb-padding-right:20px;--awb-padding-bottom:0px;--awb-padding-left:20px;--awb-margin-bottom:-60px;--awb-flex-wrap:wrap;\" ><div class=\"fusion-builder-row fusion-row\"><div class=\"fusion-layout-column fusion_builder_column fusion-builder-column-0 fusion_builder_column_1_1 1_1 fusion-one-full fusion-column-first fusion-column-last\" style=\"--awb-bg-size:cover;--awb-margin-bottom:0px;\"><div class=\"fusion-column-wrapper fusion-column-has-shadow fusion-flex-column-wrapper-legacy\"><div class=\"fusion-column-content-centered\"><div class=\"fusion-column-content\"><div class=\"fusion-sep-clear\"><\/div><div class=\"fusion-separator fusion-full-width-sep\" style=\"margin-left: auto;margin-right: auto;margin-top:40px;width:100%;\"><\/div><div class=\"fusion-sep-clear\"><\/div><div class=\"fusion-text fusion-text-1\"><div class=\"fusion-text fusion-text-10\">\n<p style=\"text-align: center;\">WAS DARF\u00b4S SEIN?<\/p>\n<h1 class=\"fusion-responsive-typography-calculated\" style=\"text-align: center;\" data-fontsize=\"34\" data-lineheight=\"47.6px\"><strong>SPEISEKARTEN. UND MEHR<\/strong><\/h1>\n<\/div>\n<div class=\"fusion-text fusion-text-11\">\n<div class=\"fusion-text content\">\n<h2 class=\"fusion-responsive-typography-calculated\" style=\"text-align: center;\" data-fontsize=\"18\" data-lineheight=\"27px\">Das Braurestaurant IMLAUER Salzburg besticht durch seine Klassiker und saisonaler Vielfalt.<\/h2>\n<p style=\"text-align: center;\">Ob ein Mittagsmen\u00fc, ein herzhaftes Essen am Nachmittag oder ein gem\u00fctliches Dinner mit Familie und Freunden. Abgerundet durch Biere der StieglBrauerei und edlen Weinen, sowie dem gem\u00fctlich, charmanten Ambiente.<\/p>\n<p style=\"text-align: center;\">Was Sie auf unseren Speisekarten im Braurestaurant IMLAUER jedoch nicht sehen, aber schmecken und f\u00fchlen, ist, mit welcher <strong>Hingabe<\/strong> unsere K\u00f6che die Gerichte f\u00fcr Sie zubereiten. Das liegt auch daran, dass wir bei IMLAUER gr\u00f6\u00dften Wert auf\u00a0<strong>frische Zutaten von regionalen Betrieben<\/strong>\u00a0legen. Etwas anderes kommt uns nicht in die K\u00fcche! Und schon gar nicht auf Ihren Teller.<\/p>\n<p style=\"text-align: center;\">\n<\/div>\n<\/div>\n<\/div><div class=\"fusion-content-boxes content-boxes columns row fusion-columns-4 fusion-columns-total-4 fusion-content-boxes-1 content-boxes-icon-on-top content-left\" style=\"--awb-backgroundcolor:#ffffff;--awb-body-color:#636362;--awb-title-color:#af9755;--awb-iconcolor:#008ab4;--awb-hover-accent-color:#af9755;--awb-circle-hover-accent-color:transparent;\" data-animationOffset=\"top-into-view\"><div style=\"--awb-backgroundcolor:#ffffff;--awb-iconcolor:#008ab4;\" class=\"fusion-column content-box-column content-box-column content-box-column-1 col-lg-3 col-md-3 col-sm-3 fusion-content-box-hover content-box-column-first-in-row\"><div class=\"col content-box-wrapper content-wrapper-background link-area-box link-type-text icon-hover-animation-slide\" data-link=\"https:\/\/imlauer.com\/braurestaurant-imlauer\/wp-content\/uploads\/2025\/11\/BRII-Speisekarte-2025-ab-Oktober.pdf\" data-link-target=\"_self\" data-animationOffset=\"top-into-view\"><div class=\"heading heading-with-icon icon-left\"><a class=\"heading-link\" href=\"https:\/\/imlauer.com\/braurestaurant-imlauer\/wp-content\/uploads\/2025\/11\/BRII-Speisekarte-2025-ab-Oktober.pdf\" target=\"_self\"><div aria-hidden=\"true\" class=\"image\"><img decoding=\"async\" class=\"lazyload\" src=\"data:image\/svg+xml,%3Csvg%20xmlns%3D%27http%3A%2F%2Fwww.w3.org%2F2000%2Fsvg%27%20width%3D%27100%27%20height%3D%27100%27%20viewBox%3D%270%200%20100%20100%27%3E%3Crect%20width%3D%27100%27%20height%3D%27100%27%20fill-opacity%3D%220%22%2F%3E%3C%2Fsvg%3E\" data-orig-src=\"https:\/\/imlauer.com\/braurestaurant-imlauer\/wp-content\/uploads\/2025\/02\/besteck-1.png\" width=\"100\" height=\"100\" alt=\"\" \/><\/div><h2 class=\"content-box-heading\" style=\"--h2_typography-font-size:20px;line-height:25px;\">Speisekarte<\/h2><\/a><\/div><div class=\"fusion-clearfix\"><\/div><div class=\"content-container\">\n<p><span style=\"color: #af9755;\">von 11.30 &#8211; 14.00 Uhr &amp;<br \/>\n17.30 &#8211; 21.00 Uhr<\/span><\/p>\n<\/div><div class=\"fusion-clearfix\"><\/div><a class=\" fusion-read-more\" href=\"https:\/\/imlauer.com\/braurestaurant-imlauer\/wp-content\/uploads\/2025\/11\/BRII-Speisekarte-2025-ab-Oktober.pdf\" target=\"_self\">Zur Speisekarte<\/a><div class=\"fusion-clearfix\"><\/div><\/div><\/div><div style=\"--awb-backgroundcolor:#ffffff;--awb-iconcolor:#008ab4;\" class=\"fusion-column content-box-column content-box-column content-box-column-2 col-lg-3 col-md-3 col-sm-3 fusion-content-box-hover \"><div class=\"col content-box-wrapper content-wrapper-background link-area-box link-type-text icon-hover-animation-slide\" data-link=\"https:\/\/imlauer.com\/braurestaurant-imlauer\/wp-content\/uploads\/2026\/04\/Braurestaurant-IMLAUER-KW-17.pdf\" data-link-target=\"_self\" data-animationOffset=\"top-into-view\"><div class=\"heading heading-with-icon icon-left\"><a class=\"heading-link\" href=\"https:\/\/imlauer.com\/braurestaurant-imlauer\/wp-content\/uploads\/2026\/04\/Braurestaurant-IMLAUER-KW-17.pdf\" target=\"_self\"><div aria-hidden=\"true\" class=\"image\"><img decoding=\"async\" class=\"lazyload\" src=\"data:image\/svg+xml,%3Csvg%20xmlns%3D%27http%3A%2F%2Fwww.w3.org%2F2000%2Fsvg%27%20width%3D%27100%27%20height%3D%27100%27%20viewBox%3D%270%200%20100%20100%27%3E%3Crect%20width%3D%27100%27%20height%3D%27100%27%20fill-opacity%3D%220%22%2F%3E%3C%2Fsvg%3E\" data-orig-src=\"https:\/\/imlauer.com\/braurestaurant-imlauer\/wp-content\/uploads\/2025\/02\/besteck-1.png\" width=\"100\" height=\"100\" alt=\"\" \/><\/div><h2 class=\"content-box-heading\" style=\"--h2_typography-font-size:20px;line-height:25px;\">Mittagsmen\u00fc<\/h2><\/a><\/div><div class=\"fusion-clearfix\"><\/div><a class=\" fusion-read-more\" href=\"https:\/\/imlauer.com\/braurestaurant-imlauer\/wp-content\/uploads\/2026\/04\/Braurestaurant-IMLAUER-KW-17.pdf\" target=\"_self\">Zur Speisekarte<\/a><div class=\"fusion-clearfix\"><\/div><\/div><\/div><div style=\"--awb-backgroundcolor:#ffffff;--awb-iconcolor:#008ab4;\" class=\"fusion-column content-box-column content-box-column content-box-column-3 col-lg-3 col-md-3 col-sm-3 fusion-content-box-hover \"><div class=\"col content-box-wrapper content-wrapper-background link-area-box link-type-text icon-hover-animation-slide\" data-link=\"https:\/\/imlauer.com\/braurestaurant-imlauer\/wp-content\/uploads\/2025\/11\/BRI-Nachmittagskarte-2025-ab-Oktober.pdf\" data-link-target=\"_self\" data-animationOffset=\"top-into-view\"><div class=\"heading heading-with-icon icon-left\"><a class=\"heading-link\" href=\"https:\/\/imlauer.com\/braurestaurant-imlauer\/wp-content\/uploads\/2025\/11\/BRI-Nachmittagskarte-2025-ab-Oktober.pdf\" target=\"_self\"><div aria-hidden=\"true\" class=\"image\"><img decoding=\"async\" class=\"lazyload\" src=\"data:image\/svg+xml,%3Csvg%20xmlns%3D%27http%3A%2F%2Fwww.w3.org%2F2000%2Fsvg%27%20width%3D%27100%27%20height%3D%27100%27%20viewBox%3D%270%200%20100%20100%27%3E%3Crect%20width%3D%27100%27%20height%3D%27100%27%20fill-opacity%3D%220%22%2F%3E%3C%2Fsvg%3E\" data-orig-src=\"https:\/\/imlauer.com\/braurestaurant-imlauer\/wp-content\/uploads\/2025\/02\/besteck-1.png\" width=\"100\" height=\"100\" alt=\"\" \/><\/div><h2 class=\"content-box-heading\" style=\"--h2_typography-font-size:20px;line-height:25px;\">Nachmittagskarte<\/h2><\/a><\/div><div class=\"fusion-clearfix\"><\/div><div class=\"content-container\">\n<p><span style=\"color: #af9755;\">von 14.00 &#8211; 17.30 Uhr<\/span><\/p>\n<\/div><div class=\"fusion-clearfix\"><\/div><a class=\" fusion-read-more\" href=\"https:\/\/imlauer.com\/braurestaurant-imlauer\/wp-content\/uploads\/2025\/11\/BRI-Nachmittagskarte-2025-ab-Oktober.pdf\" target=\"_self\">Zur Speisekarte<\/a><div class=\"fusion-clearfix\"><\/div><\/div><\/div><div style=\"--awb-backgroundcolor:#ffffff;--awb-iconcolor:#008ab4;\" class=\"fusion-column content-box-column content-box-column content-box-column-4 col-lg-3 col-md-3 col-sm-3 fusion-content-box-hover content-box-column-last content-box-column-last-in-row\"><div class=\"col content-box-wrapper content-wrapper-background link-area-box icon-hover-animation-slide\" data-animationOffset=\"top-into-view\"><div class=\"heading heading-with-icon icon-left\"><div aria-hidden=\"true\" class=\"image\"><img decoding=\"async\" class=\"lazyload\" src=\"data:image\/svg+xml,%3Csvg%20xmlns%3D%27http%3A%2F%2Fwww.w3.org%2F2000%2Fsvg%27%20width%3D%27100%27%20height%3D%27100%27%20viewBox%3D%270%200%20100%20100%27%3E%3Crect%20width%3D%27100%27%20height%3D%27100%27%20fill-opacity%3D%220%22%2F%3E%3C%2Fsvg%3E\" data-orig-src=\"https:\/\/imlauer.com\/braurestaurant-imlauer\/wp-content\/uploads\/2025\/02\/besteck-1.png\" width=\"100\" height=\"100\" alt=\"\" \/><\/div><h2 class=\"content-box-heading\" style=\"--h2_typography-font-size:20px;line-height:25px;\">Saisonale Gerichte - coming soon<\/h2><\/div><div class=\"fusion-clearfix\"><\/div><div class=\"content-container\">\n<p><span style=\"color: #af9755;\">von 11.30 &#8211; 14.00 Uhr &amp;<\/span><br \/>\n<span style=\"color: #af9755;\">17.30 &#8211; 21.00 Uhr<\/span><\/p>\n<\/div><\/div><\/div><div class=\"fusion-clearfix\"><\/div><\/div><\/div><\/div><div class=\"fusion-clearfix\"><\/div><\/div><\/div><\/div><\/div><\/p>\n","protected":false},"excerpt":{"rendered":"","protected":false},"author":1,"featured_media":0,"parent":0,"menu_order":0,"comment_status":"closed","ping_status":"closed","template":"100-width.php","meta":{"footnotes":""},"class_list":["post-54","page","type-page","status-publish","hentry"],"_links":{"self":[{"href":"https:\/\/imlauer.com\/braurestaurant-imlauer\/wp-json\/wp\/v2\/pages\/54","targetHints":{"allow":["GET"]}}],"collection":[{"href":"https:\/\/imlauer.com\/braurestaurant-imlauer\/wp-json\/wp\/v2\/pages"}],"about":[{"href":"https:\/\/imlauer.com\/braurestaurant-imlauer\/wp-json\/wp\/v2\/types\/page"}],"author":[{"embeddable":true,"href":"https:\/\/imlauer.com\/braurestaurant-imlauer\/wp-json\/wp\/v2\/users\/1"}],"replies":[{"embeddable":true,"href":"https:\/\/imlauer.com\/braurestaurant-imlauer\/wp-json\/wp\/v2\/comments?post=54"}],"version-history":[{"count":79,"href":"https:\/\/imlauer.com\/braurestaurant-imlauer\/wp-json\/wp\/v2\/pages\/54\/revisions"}],"predecessor-version":[{"id":10767,"href":"https:\/\/imlauer.com\/braurestaurant-imlauer\/wp-json\/wp\/v2\/pages\/54\/revisions\/10767"}],"wp:attachment":[{"href":"https:\/\/imlauer.com\/braurestaurant-imlauer\/wp-json\/wp\/v2\/media?parent=54"}],"curies":[{"name":"wp","href":"https:\/\/api.w.org\/{rel}","templated":true}]}}